alculate the highest common factor of d and 160.
32
Suppose 0 = -h - x + 84, 0*h - 242 = -3*h + 2*x. Let v = 142 - h. What is the highest common factor of 24 and v?
12
Suppose 0 = -2*z - 3*y + 34, -z + 1 = 2*y - 17. Let w be (-15)/(-105) + 306/z. What is the highest common divisor of 242 and w?
22
Let i(c) = -6*c + 13. Suppose 0 = -2*h - 21 - 3. Let n be i(h). Suppose 5*w - n = 5*t - 25, 4*t = -5*w + 69. What is the greatest common factor of 117 and w?
13
Suppose 4*b - 6*b = -4. Suppose 48 = 4*w - b*u, -36 = -4*w - 4*u - 0*u. Let h = 144 - 23. Calculate the highest common divisor of h and w.
11
Let x be -4 + 6 + 200/8. What is the greatest common divisor of x and 333?
9
Let z be 99 - ((3 - 5) + 6). Let g = 176 - 123. Suppose 0*y = -y - 3*l + g, -2*l + 86 = 2*y. Calculate the greatest common divisor of z and y.
19
Suppose -4*o - 5*y = 7, 0*y + 4*y = o - 14. What is the greatest common divisor of 194 and o?
2
Let h = -16 - -20. Suppose 0 = -2*z - 2, -4*o + o = h*z - 11. Suppose -5*w + 85 = -2*g + 7, -o*w + 86 = -4*g. Calculate the highest common divisor of 98 and w.
14
Let s(l) = -l**2 - 9*l + 153. Let z be s(-17). What is the greatest common factor of 3 and z?
1
Suppose -15*d = 25*d - 16120. What is the greatest common factor of d and 156?
13
Let v(t) = -4*t + 10*t**3 + 4*t + t + 0*t - 1. Let z be v(1). Let m be (-4 - 5)*(-10)/6. Calculate the greatest common factor of m and z.
5
Let y be ((-18)/(-36))/(1/34). What is the highest common divisor of y and 629?
17
Let o(f) = 131*f**2 - 1. Let h be o(-1). Let g(t) = 6*t**2 + 0*t**2 + 5 - 9 + 2. Let c be g(-3). Calculate the highest common factor of h and c.
26
Suppose 4*a + 4*b = 6*a - 280, -3*a - 4*b = -390. Let s = 194 - a. Calculate the greatest common divisor of 24 and s.
12
Suppose -1 = 2*t - 39. Let z be t/(-3)*12/(-2). Calculate the greatest common factor of z and 76.
38
Suppose x + 0*r = -2*r + 6, -2*r = 4*x - 18. Let j be 54/x*12/18. Calculate the greatest common divisor of 9 and j.
9
Let l = 151 - 147. Suppose -y = 3, -8*j + l*j + 5*y = -395. Suppose 3*x = -0*x + 57. What is the greatest common factor of x and j?
19
Suppose 0 = 3*u + r - 2*r - 76, -3*r = -4*u + 108. Calculate the highest common divisor of u and 16.
8
Suppose 6*j - 96 = 2*j + 4*w, j + w = 24. Let c be 0 - 0/3 - -192. What is the greatest common factor of c and j?
24
Let b = 135 + -134. Let f = 1 + -11. Let q = -3 - f. What is the greatest common factor of q and b?
1
Let x(j) = -j**3 + 8*j**2 + 12*j - 19. Let w be x(8). Calculate the highest common factor of 22 and w.
11
Suppose -100 = 4*b + 72. Let v = 144 + b. Suppose -285 = -5*d - 4*j - v, 0 = 4*d - 5*j - 139. Calculate the greatest common factor of d and 18.
18
Let o = -19 - -24. Suppose 3*l = -4*j - 0*l + 1094, -o*l + 10 = 0. What is the highest common divisor of j and 34?
34
Let m be -8*6*8/(-12). Suppose x + 132 = 3*a + 20, -m = -a - x. Let r = -65 - -119. Calculate the greatest common divisor of a and r.
18
Let h be 198 - 7 - (-6)/(-2). What is the highest common factor of 47 and h?
47
Let j = -24 - -24. Suppose j = -9*b + 5*b. Suppose b = 4*x - x - 27. What is the greatest common factor of x and 81?
9
Let t(q) = q - 8. Let s be t(18). Suppose -3*v = 2*m, 3*m = -4*v - m - 4. Let f be (v + -1)/(3/150). What is the greatest common divisor of f and s?
10
Let v = 155 + -154. What is the highest common factor of 38 and v?
1
Let x(d) = -15*d**2 + 8*d**2 + 9 + 2*d**2 + 6*d**2 + 11*d. Let l be x(-12). Let p = 15 - -90. What is the highest common factor of p and l?
21
Let t(n) = -6*n + 118. Let j be t(17). What is the greatest common factor of j and 112?
16
Let y = 861 + -461. Calculate the highest common factor of 112 and y.
16
Let r be (0 + (-22)/(-5))/((-16)/(-320)). Calculate the highest common divisor of 24 and r.
8
Let j(t) = 136*t - 89. Let y be j(3). Calculate the greatest common factor of 11 and y.
11
Let r = 73 - 43. Let v be (-11)/((-55)/r) - 4. Suppose -3*d = -0*z + 4*z - 42, 56 = 4*d + 5*z. Calculate the highest common factor of d and v.
2
Let r be (6/10)/3 - (-599)/5. Calculate the highest common divisor of 2 and r.
2
Let z = -6 + 0. Let r be z/39 - (-340)/13. Calculate the greatest common divisor of 52 and r.
26
Let t(z) = 4*z**2 + 11*z + 112. Let q be t(-6). Let b = -85 + 161. Calculate the greatest common divisor of q and b.
38
Let l be 0 + (-387)/(-4 + 1). Calculate the greatest common factor of 301 and l.
43
Suppose -115 = -30*k + 155. Let d(h) = h**3 + h**2 + h + 81. Let m be d(0). Calculate the greatest common divisor of m and k.
9
Suppose c + 3*f = 115, 0 = -5*c - 6*f + 2*f + 531. Suppose -d + 5*y = 43 + 10, 381 = -5*d - 4*y. Let l = d + c. Calculate the highest common factor of l and 6.
6
Let i(k) = -6*k + 52. Let p be i(22). Let j be 54*(p/(-12) + -2). Calculate the highest common divisor of 28 and j.
28
Let x(c) = -9*c - 64. Let i be x(-12). Calculate the greatest common factor of 484 and i.
44
Let t be (-2 + 3/6)*-10. Suppose -3*j + 1989 = -0*j. Suppose 3*u = -4*c + 528, -5*c - 3*u + j = -0*c. Calculate the highest common divisor of c and t.
15
Let y be -9 + 75/9 - 1916/(-3). Calculate the highest common divisor of y and 116.
58
Let k(p) = p**3 - 6*p**2 - 25*p + 108. Let w be k(8). What is the greatest common factor of w and 804?
12
Let t(a) = a**3 - a + 75. Let m be t(0). Let y(h) = -2*h**3 + 7*h - 10. Let j be y(-4). Suppose -j = -8*p + 2*p. What is the highest common divisor of m and p?
15
Suppose 27 = 9*u - 99. What is the greatest common factor of 28 and u?
14
Let g(x) = -x**2 + 7*x - 1. Let y be g(8). Let u = 81 - y. Let t = 14 - -4. Calculate the highest common divisor of t and u.
18
Let t(c) = 2*c**2 + 10*c - 46. Let n be t(-9). Let u be (52/10)/((-2)/(-10)). Calculate the greatest common divisor of u and n.
26
Let q(a) = -9*a + 83. Let g be q(6). What is the highest common factor of 116 and g?
29
Suppose 0 = 12*k - 11*k + 10. Let p be -3*10*(-6 + (-55)/k). What is the greatest common divisor of 75 and p?
15
Suppose -3 = a, 4*u - 1 = -0*u - a. Let h(s) = 52*s - 12. Let y be h(u). What is the highest common divisor of y and 320?
40
Suppose 3*x + 1395 = -5*f, -3*x + 569 = -2*f - 2*x. Let d = f + 408. Calculate the highest common factor of d and 14.
14
Let p(j) = -8*j - 28. Let d be p(-5). Calculate the greatest common divisor of 36 and d.
12
Suppose 0 = 4*c - 6*c. Suppose 3*n = 5*b + 21 + 12, -2*b - 6 = c. Let x be (-2)/(-8) + (-1719)/(-36). What is the greatest common factor of x and n?
6
Let i(p) = 5*p**2 - 3*p - 12. Let r be i(-4). Calculate the greatest common divisor of r and 10.
10
Suppose 2 - 29 = b. Let c = 35 + b. What is the greatest common factor of c and 32?
8
Let o(a) = 24*a + 18. Let h be o(28). What is the greatest common factor of h and 46?
46
Suppose 2*s - 23 - 149 = 2*y, 0 = 3*y + 15. Calculate the greatest common factor of s and 18.
9
Let k(m) = 8*m**2. Let j be k(-1). Let u be (-9)/((-6)/2)*(-8)/6. Let w(b) = -13*b + 4. Let l be w(u). Calculate the greatest common divisor of l and j.
8
Let z be ((-18)/(-3))/(-1 - 1). Let b be -3*z/3*1. Let g = 1 - -23. Calculate the greatest common factor of g and b.
3
Let q = 8 - -90. Suppose 4*r - 24 = -0. Let c be (-2)/r - q/(-6). What is the highest common divisor of c and 2?
2
Let g = 3920 + -3918. Let t = -9 - -14. Suppose 12 = -t*q + 32. What is the greatest common factor of g and q?
2
Let v be (10 - 88)/(0 + -1). What is the greatest common divisor of v and 208?
26
Let a = 116 + -80. Let k(z) = -199*z + 856. Let h be k(4). Calculate the greatest common factor of h and a.
12
Suppose 4*h + 9*h = 871. Suppose -131 - h = -6*u. Calculate the greatest common factor of 44 and u.
11
Let g = -45 - -119. Suppose -3*v + 25 = -g. Let c be (176/v)/((-2)/(-3)). Calculate the highest common divisor of 40 and c.
8
Let w(m) = 4*m**2 + 20*m + 23. Let l(o) = o**2 - o + 1. Let j(q) = 2*l(q) - w(q). Let s be j(-9). Calculate the highest common factor of s and 3.
3
Suppose 5*r = -0*r + 80. Let k(g) = g - 14. Let l be k(r). Suppose l*f + 11 = 61. What is the greatest common factor of f and 275?
25
Let y(l) = -l**3 + 4*l**2 + 7*l - 18. Let d be y(2). Suppose -5*f + 2*f + 18 = 0. What is the highest common divisor of d and f?
2
Let q be (9/4)/(0 - (-6)/(-48)). Let a = -15 - q. What is the highest commo